 be (i/(-4))/(1/(-16)). List the prime factors of y(t).
3
Let n(b) = b**2 + 2*b - 3. Let k be n(-3). Suppose -3*p + 10 = -o, 3*p - 4*o = -k*o - 5. List the prime factors of p.
5
Suppose -2*j = 12 - 86. List the prime factors of j.
37
Let n(j) be the second derivative of -j**4/12 + j**3/6 + 5*j**2/2 + 2*j. Suppose -4*v - 10 = 5*d, 0 = -2*v + 2*d + 2*d + 8. List the prime factors of n(v).
5
Let g = 758 - 538. What are the prime factors of g?
2, 5, 11
Let f(z) = -z**3 - 8*z**2 + z + 10. Let p be f(-8). Let x = 8 + p. List the prime factors of x.
2, 5
Let u = -18 + 28. Suppose 0 = u*v - 15*v + 195. What are the prime factors of v?
3, 13
Let h = -5 + 10. Suppose 0 = -h*a + 25 - 5. Suppose 15 = y + a*y - 5*n, -3*y + n = -19. What are the prime factors of y?
2
Let g = 10 - 8. Let r(i) = 2*i - 2 + 0 + 2*i. List the prime factors of r(g).
2, 3
Let i(b) = 24*b + 15. What are the prime factors of i(7)?
3, 61
Let g = 80 + 6. List the prime factors of g.
2, 43
Suppose 5*o + 4*l - 498 + 185 = 0, 299 = 5*o - 3*l. What are the prime factors of o?
61
Let z(f) = f + 10. Let s be z(-7). Suppose -6*t + 60 = -s*t. List the prime factors of t.
2, 5
Suppose -11*r = -6*r - 610. List the prime factors of r.
2, 61
Suppose -5*o = -0*o + s - 96, -s + 1 = 0. Suppose -2*l = 1 + o. List the prime factors of l/45 - 29/(-9).
3
Let n(w) be the second derivative of w**3/3 - 4*w**2 + w. Suppose -3*o - 12 = 0, 4*o + 2 = -3*g + 10. What are the prime factors of n(g)?
2
Suppose -23 = -s + 5*x, 2*s - 5*x - 4 = 17. Let l be 2/(-1)*(-1)/s. List the prime factors of 14 - 4 - (0 + l).
11
Suppose 2*y + 330 = 2*z, 3*z + 2*y = 6*y + 499. List the prime factors of z.
7, 23
Let j be (-8)/6*3/(-2). Let l be (-40)/(-12) - j/6. What are the prime factors of ((-10)/l)/(2/(-6))?
2, 5
Let l(a) = a + 3. Suppose -q + 40 = 4*q. Suppose -3*m - 15 = -q*m. List the prime factors of l(m).
2, 3
Suppose 2*o = 3*p + 27, 3*p + 8 + 7 = 0. Suppose x = -3 + o. List the prime factors of x.
3
Let r(z) = -z**2 - 3*z - 1. Let c be r(-1). Let h be 14/(-3)*c*-3. Suppose -3*v = -v - h. List the prime factors of v.
7
Suppose b + 2*b = 33. List the prime factors of b.
11
Let p = -12 - -20. Let b = -8 - -12. Suppose b*j + 20 = p*j. What are the prime factors of j?
5
Suppose 3*p - 2 - 4 = 0. What are the prime factors of (-2)/4*(-76)/p?
19
Suppose -p = 3*p - 64. Let u = -9 + p. List the prime factors of u.
7
Let j(q) = q**2 - q + 8. Let x(g) = -4*g**2 + 3*g - 33. Let s(i) = 9*j(i) + 2*x(i). List the prime factors of s(4).
2, 5
Let z be (-6)/9*(-6)/(-1). Let t be 3*-1*z/6. Suppose -4 = -2*m + 3*m - t*o, 2*o - 12 = -3*m. What are the prime factors of m?
2
List the prime factors of 4/4 - 1 - -21.
3, 7
Let u be 6 + -60 - 0/(-2). Let z = -27 - u. What are the prime factors of z?
3
Let i = 11 - 9. Suppose 15 = 3*t + i*t. What are the prime factors of t?
3
Let d = -11 + 93. Suppose 5*b - 257 = -d. What are the prime factors of b?
5, 7
Let v(g) be the second derivative of g**4/12 + g**3/2 - g**2 - 3*g. What are the prime factors of v(2)?
2
Let h = 3 - 11. Let v be (2 - h/(-5))*5. Suppose -4*d = -5*l - 3 + 16, -d - 7 = -v*l. List the prime factors of d.
3
Suppose -4*n + 40 = -4*z, 3*z + n + 29 = 5*n. Let u(w) = w**2 + 8*w. List the prime factors of u(z).
3, 11
Suppose 152 = 5*c - c - 3*z, -4*z = 5*c - 190. List the prime factors of c.
2, 19
Let r be (49/21 - (0 + 3))*-3. Let w(m) = m**3 + 5*m**2 - 2*m + 1. Let q be w(-5). Suppose -q = -r*p + p. List the prime factors of p.
11
Let b be (3 + 2)*1 + -1. Suppose -13 = -b*h - 3*k, 0 = 3*k + 1 + 2. What are the prime factors of h?
2
Suppose -5*x = -3*a - a - 28, a + 29 = 4*x. Let v = 12 - x. List the prime factors of v.
2
Suppose 0 = -2*v - 3*v + j + 15, -v - 2*j = 8. Suppose 0 = v*f - 3*z, 5*f - z = z + 22. Let p = f - 4. List the prime factors of p.
2
Let j = -8 + 13. Suppose j*k - 4*o - 163 = 0, 4*o - 3 + 11 = 0. Suppose -k = -2*t + 5. List the prime factors of t.
2, 3
Suppose 3*v + 5*j = j + 173, -3*v + 167 = j. Suppose -4*l - v = -3*r, 5*r + 3*l = 6*l + 88. List the prime factors of r.
17
Let g be 13/(-2) + (-2)/(-4). Let q(t) = t - 8*t - 6 - t**2 + 4. List the prime factors of q(g).
2
Let r = 20 + 0. List the prime factors of r.
2, 5
Let b(n) = -7*n - 1. Let s be b(-6). Let d = -18 + s. List the prime factors of d.
23
Let m(q) = q + 10. Let r be m(-7). Suppose -r*n + 75 = 2*n. List the prime factors of n.
3, 5
Suppose 2*w = -0*w + 142. Suppose w = 5*g + 6. List the prime factors of g.
13
What are the prime factors of (-1302)/(-105) - (-4)/(-10)?
2, 3
Let q(f) = f**3 + 7*f**2 + 8*f + 5. Let m be q(-7). Let c = 75 + m. Suppose j + c = 5*j. List the prime factors of j.
2, 3
Let t be 6 - (3 - (-6)/(-3)). Let s be 40/7 - 10/(-35). Suppose -11 = y + 3*q, t*q + s = -y - 15. List the prime factors of y.
2
Suppose 8*v - 185 = 3*v. Suppose 7 = 4*i - v. What are the prime factors of i?
11
Let h be ((-96)/(-30))/(2/5). Let f(z) = z**2 - 7*z - 1. What are the prime factors of f(h)?
7
Let b(n) = -15*n. Let a(c) = -2*c**3 - c**2 + 1. Let z be a(1). Let y be b(z). Let x = y - 18. What are the prime factors of x?
2, 3
Let x be ((-8)/(-2))/(-2) - -2. Suppose x = p + 3*p. What are the prime factors of (-2)/2*(p + -11)?
11
Let x = 15 - -2. Let k = x - 2. List the prime factors of k.
3, 5
Let g = 423 - 299. List the prime factors of g.
2, 31
Let t = 1 - 7. Let k(a) = -a**3 - 6*a**2 - 3*a + 3. List the prime factors of k(t).
3, 7
Let n = 4 + -6. Let o = 29 - n. What are the prime factors of o?
31
Suppose -w = p - 0*w - 1, -5*w + 25 = 0. Let x(d) = -d**2 - 6*d + 3. List the prime factors of x(p).
11
Let x = 4 + 14. List the prime factors of x.
2, 3
Let r be -3 - (54 + 1 + 2). Let c = r - -111. Suppose -17 = -4*w + c. List the prime factors of w.
17
Let c(w) = 4*w**3 - 8*w**2 + w + 7. Let m(u) = -u**3 + u**2 - 1. Suppose 7 = b + 3, 3*b - 14 = 2*k. Let n(d) = k*c(d) - 3*m(d). List the prime factors of n(3).
11
Let d(o) = -2*o + 25. Let q be d(11). What are the prime factors of 1/2*354/q?
59
Let f be (50/(-4))/(-5)*(-128)/(-80). Let s = 82 + -54. Suppose -4*p - u = -44, f*p = -0*p + 3*u + s. List the prime factors of p.
2, 5
Let l be (-9)/(-4) + 2/(-8). Let q = -11 - -11. Suppose l*i - 21 + 3 = q. List the prime factors of i.
3
Suppose -5*z + 1391 = 8*z. List the prime factors of z.
107
Suppose 5*k - 2*i + 0*i = 310, 4*i + 62 = k. Suppose 0 = 5*j + 2*u - k, 0*j - 2*u = 3*j - 34. What are the prime factors of j?
2, 7
Let z be 2 - 1 - 1/(-1). Suppose 2 = z*f - f. List the prime factors of f.
2
Let o(h) = -h**3 - 15*h**2 - 4*h - 15. List the prime factors of o(-16).
5, 61
Let j = -25 + 61. Suppose 2*b - j = -2*b. What are the prime factors of b?
3
Suppose 0 = -2*b - b + 3*o + 93, 5*b - 157 = 3*o. What are the prime factors of b?
2
Let i(f) = -f**3 - 26*f**2 + 23*f - 30. List the prime factors of i(-27).
2, 3, 13
Suppose -2*x + 34 = -i - 3*i, 0 = 5*x - i - 121. List the prime factors of x.
5
What are the prime factors of 6/(-8) + 0 + 678/8?
2, 3, 7
Suppose 6*n - 17 = 13. Let m(h) = 6*h. List the prime factors of m(n).
2, 3, 5
Let h be (3/2)/((-15)/(-70)). Suppose -3*p = -4*s - 7, p = 4*s - h*s + 11. List the prime factors of s.
2
Let f(a) = a**3 - 4*a**2 - 2*a + 1. Let w(r) = -r**3 - r**2 - r - 1. Let z(k) = f(k) + 2*w(k). What are the prime factors of z(-6)?
23
Let g(x) = -x**2 + 7*x - 7. Let c be g(5). Suppose 2*q = -8*i + c*i + 34, 2*i + 2*q - 16 = 0. Let k = i - -2. List the prime factors of k.
2
Let h be 3/(-4) - 1/4. Let f = 1 - h. Suppose -f*t - 27 = -3*t + 5*m, -5*m = -5*t + 35. List the prime factors of t.
2
Suppose 3*j + 6*q - 278 = 4*q, 3*q + 168 = 2*j. What are the prime factors of j?
2, 3, 5
List the prime factors of 1/(1*5/15).
3
Suppose 4*l + l = 145. Let f = l + -13. What are the prime factors of f?
2
Let k be ((-2)/(-1) - -1)/1. Suppose g - 4*f - 5 = -2, g + k*f = 17. List the prime factors of g.
11
Let p(z) = -z**3 + 8*z**2 + 12*z - 7. Let l be p(9). Let o = -19 + 24. Let r = l - o. List the prime factors of r.
3, 5
Let b = -1 - -1. Suppose 4*r - 2*r + 26 = -2*c, -r - 4*c - 28 = b. What are the prime factors of 2*6*(-2)/r?
3
Let c be 4/((-12)/9) - -6. Let k = 29 - c. List the prime factors of k.
2, 13
Suppose 15 = 17*g - 12*g. Let m(x) be the third derivative of x**6/120 - x**5/15 + x**4